number?
True
Is 2495 composite?
True
Is 19531 a composite number?
False
Is 79654 composite?
True
Is 981887 prime?
True
Is 82601 a prime number?
True
Is 205703 prime?
True
Is 33281 a prime number?
False
Is 609253 a prime number?
True
Is 36433 composite?
False
Is 200533 a prime number?
False
Is 35419 composite?
False
Is 54121 a composite number?
False
Is 1117 prime?
True
Is 9298 a composite number?
True
Is 32353 composite?
False
Is 4303 a prime number?
False
Is 1932421 a composite number?
False
Is 1631 a prime number?
False
Is 10937 a composite number?
False
Is 17531 a prime number?
False
Is 767 a composite number?
True
Is 2581 a composite number?
True
Is 15091 prime?
True
Is 10495 composite?
True
Is 2900119 a composite number?
False
Is 1556023 a prime number?
False
Is 307 composite?
False
Is 1023133 prime?
True
Is 269237 a prime number?
True
Is 16781 a composite number?
True
Is 139577 composite?
True
Is 276169 a prime number?
False
Is 106739 composite?
False
Is 66491 prime?
True
Is 191287 prime?
False
Is 107733 a composite number?
True
Is 1383469 a prime number?
False
Is 1027547 a composite number?
False
Is 73339 a prime number?
False
Is 4666 prime?
False
Is 557 a composite number?
False
Is 11351 prime?
True
Is 28849 prime?
False
Is 31627 prime?
True
Is 25303 prime?
True
Is 144623 composite?
True
Is 2609 a prime number?
True
Is 9533 a prime number?
True
Is 8434 a prime number?
False
Is 35237 a prime number?
False
Is 9661 a composite number?
False
Is 1931 composite?
False
Is 73443 a composite number?
True
Is 686861 a composite number?
True
Is 294547 prime?
False
Is 23099 prime?
True
Is 67739 composite?
True
Is 519 a prime number?
False
Is 285517 prime?
True
Is 89129 composite?
True
Is 4183 a prime number?
False
Is 6677 composite?
True
Is 33 a prime number?
False
Is 6493 a composite number?
True
Is 135011 a composite number?
True
Is 770863 prime?
True
Is 34115 composite?
True
Is 119159 composite?
False
Is 476891 a prime number?
True
Is 131 prime?
True
Is 25183 prime?
True
Is 5383 a prime number?
False
Is 13523 prime?
True
Is 20027 a composite number?
True
Is 165367 composite?
False
Is 50293 a prime number?
False
Is 16673 a composite number?
False
Is 651221 a composite number?
False
Is 5877485 a prime number?
False
Is 11509 a prime number?
False
Is 1543 a composite number?
False
Is 76207 a composite number?
False
Is 66167 prime?
False
Is 6007 composite?
False
Is 87821 a composite number?
True
Is 16489 prime?
False
Is 90901 prime?
True
Is 8285 a prime number?
False
Is 335023 a prime number?
False
Is 220243 composite?
False
Is 32081 a prime number?
False
Is 34403 a prime number?
True
Is 27427 a composite number?
False
Is 1253 prime?
False
Is 1045693 prime?
False
Is 3019 a composite number?
False
Is 2161 a composite number?
False
Is 24305 composite?
True
Is 73135 a composite number?
True
Is 87251 a prime number?
True
Is 192097 composite?
False
Is 83047 prime?
True
Is 52985 composite?
True
Is 776455 a composite number?
True
Is 26293 a prime number?
True
Is 4621 a composite number?
False
Is 11047 a prime number?
True
Is 7297 a prime number?
True
Is 19439 composite?
True
Is 796097 prime?
False
Is 602081 prime?
True
Is 428563 composite?
False
Is 877423 prime?
True
Is 66337 composite?
False
Is 31469 composite?
False
Is 4061 a composite number?
True
Is 84263 prime?
True
Is 1142 composite?
True
Is 21823 a prime number?
False
Is 104789 a prime number?
True
Is 49631 composite?
True
Is 3907 a composite number?
False
Is 783889 a prime number?
False
Is 16129 a prime number?
False
Is 444517 prime?
True
Is 865 prime?
False
Is 863013 a composite number?
True
Is 1478459 prime?
True
Is 363367 a composite number?
False
Is 21259 a composite number?
True
Is 1351 a composite number?
True
Is 149 a composite number?
False
Is 19181 a composite number?
False
Is 4553 prime?
False
Is 16529 a composite number?
False
Is 77753 a prime number?
False
Is 10007 a composite number?
False
Is 751 prime?
True
Is 6521 a prime number?
True
Is 40559 composite?
False
Is 13307 a composite number?
True
Is 1513 prime?
False
Is 35859 a composite number?
True
Is 13259 composite?
False
Is 18661 prime?
True
Is 3739 a composite number?
False
Is 14173 a composite number?
False
Is 887 composite?
False
Is 110419 a composite number?
False
Is 347389 a composite number?
True
Is 21859 composite?
False
Is 32141 a composite number?
False
Is 39307 composite?
True
Is 1187 composite?
False
Is 19231 composite?
False
Is 23291 prime?
True
Is 48971 a composite number?
True
Is 203279 a prime number?
True
Is 4177 a prime number?
True
Is 43093 a composite number?
False
Is 907 prime?
True
Is 655357 a prime number?
True
Is 319183 composite?
False
Is 4177 composite?
False
Is 568199 composite?
True
Is 34769 composite?
True
Is 378671 composite?
False
Is 14141 a composite number?
True
Is 37613 prime?
False
Is 614 a prime number?
False
Is 336333 prime?
False
Is 541 a prime number?
True
Is 11755 prime?
False
Is 77093 a prime number?
True
Is 747647 composite?
False
Is 37081 composite?
True
Is 55307 a composite number?
True
Is 222247 a composite number?
False
Is 263335 a prime number?
False
Is 919 a prime number?
True
Is 6017 prime?
False
Is 1397 composite?
True
Is 84809 composite?
False
Is 213881 a prime number?
True
Is 222823 a prime number?
True
Is 984671 a composite number?
True
Is 436801 composite?
False
Is 49873 prime?
False
Is 1985 a composite number?
True
Is 406111 composite?
True
Is 1087 prime?
True
Is 265957 a prime number?
True
Is 34598 a prime number?
False
Is 10243 prime?
True
Is 744851 a prime number?
False
Is 1988443 a prime number?
False
Is 1078553 a prime number?
False
Is 37273 a prime number?
True
Is 10223 composite?
False
Is 28838 a prime number?
False
Is 11311 a prime number?
True
Is 29033 a prime number?
True
Is 13289 a prime number?
False
Is 453382 prime?
False
Is 1315103 a composite number?
True
Is 2281 a prime number?
True
Is 5981 a composite number?
False
Is 581 composite?
True
Is 67909 composite?
True
Is 3013 prime?
False
Is 737797 prime?
True
Is 2741 composite?
False
Is 6814 a composite number?
True
Is 16811 composite?
False
Is 6537 prime?
False
Is 3437981 prime?
False
Is 37747 prime?
True
Is 83773 a composite number?
False
Is 139197 a prime number?
False
Is 1069001 a prime number?
True
Is 136889 a prime number?
True
Is 6541 a prime number?
False
Is 42647 composite?
True
Is 3430705 prime?
False
Is 56083 a composite number?
True
Is 18041 prime?
True
Is 6587 a prime number?
False
Is 2521 composite?
False
Is 487477 a prime number?
True
Is 212899 composite?
True
Is 691 a composite number?
False
Is 334447 a composite number?
False
Is 11239 composite?
False
Is 615157 composite?
True
Is 297343 a prime number?
False
Is 30313 prime?
True
Is 21133 composite?
True
Is 7145 a prime number?
False
Is 339661 a prime number?
False
Is 62743 composite?
False
Is 101641 prime?
True
Is 5129 composite?
True
Is 258002 prime?
False
Is 91079 a composite number?
False
Is 14107 prime?
True
Is 68813 composite?
False
Is 83953 composite?
True
Is 15541 a composite number?
False
Is 49139 composite?
False
Is 10993 a prime number?
True
Is 142501 a prime number?
True
Is 649777 composite?
False
Is 1874 composite?
True
Is 4999 composite?
False
Is 30431 a prime number?
True
Is 152549 a composite number?
True
Is 2743 composite?
True
Is 20455 a composite number?
True
Is 59578 a composite number?
True
Is 105289 prime?
False
Is 142949 a prime number?
True
Is 31957 a composite number?
False
Is 22891 a prime number?
False
Is 32987 a prime number?
True
Is 63229 a composite number?
True
Is 24733 composite?
False
Is 122119 prime?
False
Is 3839 prime?
False
Is 28921 a composite number?
False
Is 5905 prime?
False
Is 187819 prime?
False
Is 102359 composite?
False
Is 436021 a composite number?
True
Is 10799 composite?
False
Is 3821 composite?
False
Is 66569 a composite number?
False
Is 7067 prime?
False
Is 72553 composite?
True
Is 411351 composite?
True
Is 56537 a composite number?
True
Is 34355 a composite number?
True
Is 33261 composite?
True
Is 1888031 composite?
False
Is 1352409 a prime number?
False
Is 787 a composite number?
False
Is 7619 composite?
True
Is 160253 composite?
False
Is 1531517 prime?
False
Is 22543 a composite number?
False
Is